Calculate the highest common divisor of k and 108.
36
Suppose 5*w = w + 48. Let a = w + 0. Suppose 600 = 9*c + 492. What is the greatest common factor of a and c?
12
Let z = 1 + 11. Let d = -108 - -814. Let a = 709 - d. What is the greatest common divisor of a and z?
3
Suppose y + 7*d = 28997, -18*y + 13*y = 5*d - 144835. Calculate the greatest common factor of y and 54.
18
Let u(x) = 7*x**2 - x - 4. Let n be u(-2). Suppose 2*c - 62 = o, 4*c = -3*o + 22 - 188. Let r = 7 - o. What is the highest common divisor of n and r?
13
Let u(r) = 2*r**2 + 3*r - 4. Let y be u(-4). Let m(w) = 12*w. Let n = -246 + 250. Let k be m(n). What is the greatest common factor of y and k?
16
Let c be 2/4 + 805/2. Suppose 195*v - 190*v = -s + 71, -2*v = -2*s + 46. What is the highest common factor of s and c?
31
Let c be (2/4)/((-2)/120*-6). Suppose -6 + 36 = -c*o. Let j be (10/(-25) + o/10)*-2. Calculate the greatest common divisor of j and 14.
2
Let m = 1 - -2. Let w = 4910 - 4769. Calculate the highest common divisor of m and w.
3
Suppose -147*c + 142*c + 4734 = 2*h, 2*h - 4*c = 4680. What is the highest common factor of 21 and h?
21
Let r = -233 - -234. Let i be r/6 - (-285)/18. Calculate the highest common divisor of i and 168.
8
Suppose 36*y - 308 - 268 = 0. Calculate the greatest common divisor of y and 3.
1
Suppose -10 = 5*l - 125. Suppose 25 = 2*b - l. Suppose -g = -i + 2*i - 4, 0 = -g - 2. What is the greatest common factor of i and b?
6
Suppose 5*v = -z + 242, -2*z = 5*v - 276 + 37. Calculate the greatest common factor of 63 and v.
7
Suppose 7*p + 36 = 4*p - 4*k, 2*k = -p - 14. Let x be (22/(-8))/(2/p). Calculate the greatest common divisor of 55 and x.
11
Let s be ((-35)/(-15))/((-2)/(-330)) - -6. Calculate the highest common factor of s and 253.
23
Let n(z) = 9*z**2 - 17*z - 17. Let s(w) = -7*w**2 + 17*w + 18. Let g(k) = -4*n(k) - 5*s(k). Let o be g(-6). What is the highest common divisor of o and 484?
44
Let x(c) = -12*c**2 - 6 - 5*c - 17*c**2 - c**3 + 37*c**2. Let n be x(4). Calculate the greatest common divisor of 342 and n.
38
Suppose 5*l + 0*l = 35. Suppose -80 = -l*c - c. Suppose -7*v = -c*v + 66. Calculate the highest common divisor of 2 and v.
2
Suppose -3*d + 8*d + 3*n - 207 = 0, -d - 4*n = -38. Let m = -1654 - -4885. Suppose 44*y = -459 + m. Calculate the highest common divisor of y and d.
21
Let y(l) = 118*l**2 - 4*l - 5. Let d be y(-2). Let b = d + -307. Calculate the highest common divisor of 63 and b.
21
Let f be (0 - 0) + (7 - 5)*2. Suppose 45 = f*c - 55. What is the greatest common factor of c and 50?
25
Let v(x) = 11*x**2 - 7 + x + 6*x**2 + 2 - x**3 - 16*x**2. Let c be v(-3). What is the highest common divisor of c and 28?
28
Suppose -9278 = -39*c + 79018. What is the greatest common divisor of c and 8?
8
Let x = -7 - -8. Suppose -9*y = -28 - 89. Suppose -9*m + 76 - y = 0. What is the highest common factor of x and m?
1
Suppose 890238 - 27975 = 431*f - 1401349. What is the highest common factor of 78 and f?
26
Let l(h) = 9 - 13*h + 11 + 23*h. Let c be l(11). Let w(x) = -x**3 + 4*x**2 + 7*x. Let r be w(5). What is the greatest common divisor of c and r?
10
Let c = 1978 + -1974. What is the greatest common factor of 19 and c?
1
Let w be (215/15 + 7)/(12/18). What is the highest common divisor of 512 and w?
32
Let n(a) = 2*a**2 - 30*a - 1560. Let s be n(41). Calculate the greatest common factor of s and 55.
11
Let p be (-1)/(-1) - (-202 + -6). Suppose -3*h - t = -28, 3*h + 3*t - 4 - 14 = 0. What is the highest common factor of p and h?
11
Suppose 3*f - 8 = 4*b + 55, 2*b = 2*f - 44. Suppose 9*v = -0*v + 513. Let r = 68 + v. What is the highest common factor of r and f?
25
Let v(r) = r**2 - 5*r + 4. Let x be v(-6). Suppose -x = -n - 4*w, -3*n + 91 + 79 = 2*w. What is the greatest common factor of 1458 and n?
54
Let t be (-163)/((-9 + 7)*(-3)/(-6)). Calculate the greatest common divisor of t and 7009.
163
Suppose -18*d + 13 = -16*d + w, -5*w = 2*d - 1. Suppose -32*b + 34*b = d. What is the highest common factor of b and 96?
4
Let s be (0 - -1)/(1/215). Let o(h) = -12*h**2 + 1677*h - 1246. Let w be o(139). What is the highest common factor of w and s?
5
Suppose b - 3*k - 58 = -4*b, 3*b + 5*k = 28. Let t be 3/2 - (b - (-147)/(-6)). Calculate the greatest common factor of t and 10.
5
Let u(s) = 6*s**3 - 12*s**2 - 115*s + 1064. Let i be u(9). Calculate the highest common factor of i and 47.
47
Suppose 3*j + 69 = 3*l + 243, 3*l - 162 = -4*j. Suppose 0*i + 432 = i. Calculate the greatest common divisor of i and j.
48
Let m be (0 - 227/(-4))/(5/(-20)). Let n = m - -314. Let y(i) = -16*i - 3. Let g be y(-2). What is the greatest common divisor of n and g?
29
Let a(w) = -10*w - 55. Let f be a(-15). Suppose 7*n - 10*n + 5*b + 132 = 0, 2*n = b + f. What is the greatest common factor of 14 and n?
7
Let r = -99072 + 99637. Let o = 4 + 1. What is the greatest common divisor of r and o?
5
Let b be 1/(1 + (-1)/((-20)/(-16))). Suppose -10*z + 7*z + 98 = b*o, 2*o = -5*z + 138. Calculate the greatest common factor of z and 39.
13
Suppose u - 2*w + 10 = -6*w, -3*u + 3*w + 45 = 0. Suppose 151 = u*c + 51. Calculate the highest common divisor of 90 and c.
10
Suppose 0 = -3*x + 4*j + 181, 21*j - 16*j = 2*x - 130. What is the highest common factor of 297 and x?
11
Let w(q) = q**3 - 5*q**2 + 6*q + 2. Let f be w(3). Suppose -h + 2*h - f*j = 116, h - 120 = j. Calculate the greatest common factor of h and 186.
62
Let n(o) = o**3 - 7*o**2 - 10*o - 12. Let t = 218 - 209. Let w be n(t). What is the greatest common divisor of 270 and w?
30
Suppose -t - t = -74. Let f = -278 - -275. Let r be 11*6/(-2)*t/f. What is the highest common divisor of 37 and r?
37
Suppose 0 = -u - 5*v + 17, -4*v = 5*u - 3*v - 61. Suppose -h + 155 = 4*h. Let y = h - u. What is the greatest common divisor of y and 95?
19
Suppose 0 = -7*h + 55 - 41. Suppose -5*z + 3*f = -675, -4*f + h*f = 3*z - 405. What is the highest common factor of z and 15?
15
Let k be (29 + -23)*(-100)/(-15). Calculate the greatest common divisor of k and 10.
10
Let t be (-5 + 2)*(-75)/5. Suppose -3*o + 4*a + 111 = 0, o - 65*a + 61*a = t. Let c be (-456)/(-21) - (-2)/7. What is the highest common divisor of c and o?
11
Let g(j) = 17*j**2 - 4*j + 9. Let q(o) = -17*o**2 + 5*o - 13. Let f(v) = 7*g(v) + 6*q(v). Let t be f(5). What is the highest common factor of 120 and t?
60
Let n = -47 - -50. Suppose n*z - 32 = z. Let v be 4/1*((9 - 4) + 3). What is the greatest common divisor of v and z?
16
Let c(j) = -99*j**3 + j. Let y be c(-1). Let f = 1058 - 1446. Let g = 402 + f. What is the highest common factor of y and g?
14
Suppose 3*o = -q + 4*q + 198, 0 = 3*o + 2*q - 173. Let t = o + -138. Let f be ((-110)/(-77))/((-1)/t). Calculate the greatest common factor of 20 and f.
10
Suppose 48*q - 50820 = -29*q. Calculate the greatest common factor of 360 and q.
60
Suppose 6*u = 170*u - 1745616. Calculate the greatest common factor of u and 12.
12
Suppose 5*p + 48 = 13. Let g(z) = -50*z**2 - 9*z - 5. Let m be g(p). Let k be 4/6 + m/(-12). What is the highest common factor of k and 80?
40
Let s be (-7 - -6)*-69 + -4. Suppose -4*x = -p - x + s, -5*x = 4*p - 175. What is the highest common divisor of 175 and p?
25
Let u(y) = -y**2 - 31*y - 78. Let n be u(-28). Let b(z) = z**3 - 4*z**2 + 17*z + 2. Let v be b(n). Calculate the greatest common divisor of 22 and v.
22
Let o(b) = -4*b - 28. Let n be o(-10). Let t = -1467 + 1503. Calculate the highest common divisor of t and n.
12
Suppose -2*i + 47 = 5*v, -5*v + i + 35 = -24. Let b(q) = 7*q - 27. Let u be b(4). Calculate the highest common divisor of v and u.
1
Suppose -388*i + 393*i + 3*s - 12189 = 0, i = -s + 2439. What is the highest common factor of i and 168?
84
Let a(m) = m**2 - 112. Let q be a(16). Suppose -4*u - 116 = -z, 4*z = 6*u - u + 409. What is the highest common factor of q and z?
48
Suppose 3*j = 7*j - 988. Suppose -1019*n - 1137 - 919 + 24762 = -16016. Calculate the highest common divisor of j and n.
19
Let l = 1060 + -268. What is the greatest common divisor of l and 48?
24
Suppose 2*l = -93 + 95. Calculate the greatest common factor of l and 256.
1
Suppose 84*u + 14644 - 183585 = 5275. Calculate the highest common divisor of 854 and u.
122
Suppose 12 = 4*w, -2*o + 190 = -w + 177. Wh